rime number?
False
Is 216207971 a prime number?
False
Is 20283649 a prime number?
False
Is 1696169 a prime number?
True
Is 169198703 a composite number?
False
Is 8101 prime?
True
Is 5693297 prime?
True
Is 38500307 prime?
False
Is 343297 composite?
True
Is 2417899 prime?
False
Is 10695689 composite?
True
Is 14846849 composite?
False
Is 14598163 prime?
True
Is 45626047 composite?
False
Is 53379181 prime?
True
Is 6315871 a prime number?
True
Is 153871 composite?
False
Is 52500473 a composite number?
False
Is 1050137053 a prime number?
False
Is 91499971 composite?
True
Is 131491183 a composite number?
False
Is 3541069 composite?
True
Is 61143307 prime?
True
Is 38279827 prime?
True
Is 30234473 a composite number?
True
Is 42301003 prime?
False
Is 8942131 a prime number?
False
Is 67340303 a prime number?
True
Is 72780403 composite?
False
Is 1072417 prime?
False
Is 403933219 prime?
False
Is 3731379 a composite number?
True
Is 9878731 a composite number?
False
Is 107870381 a composite number?
False
Is 8688621 a prime number?
False
Is 5293291 prime?
True
Is 17315351 a prime number?
True
Is 1537039 prime?
False
Is 1789955077 a prime number?
True
Is 11745089 composite?
False
Is 32873933 prime?
False
Is 58873513 a composite number?
True
Is 881119 prime?
True
Is 52254893 a prime number?
False
Is 50919566 a prime number?
False
Is 171277 a composite number?
True
Is 4030229 a composite number?
True
Is 26065759 a composite number?
False
Is 82897259 a prime number?
False
Is 274103173 composite?
False
Is 39528431 composite?
True
Is 163054597 a composite number?
True
Is 2666381 prime?
True
Is 128293057 a composite number?
True
Is 33766567 a prime number?
False
Is 1027151 a composite number?
True
Is 9615857 a prime number?
False
Is 32148509 a composite number?
True
Is 5153299 composite?
False
Is 66860263 a composite number?
False
Is 3003907 prime?
False
Is 342773923 composite?
False
Is 328231303 composite?
False
Is 2889533 a composite number?
True
Is 24425441 a prime number?
True
Is 29695601 composite?
True
Is 160632463 prime?
True
Is 29155913 composite?
False
Is 2722123 composite?
True
Is 1274909 a composite number?
True
Is 92190297 prime?
False
Is 786147 prime?
False
Is 16867753 composite?
True
Is 26939749 a prime number?
True
Is 2218147 a prime number?
False
Is 403181707 prime?
False
Is 1933931 prime?
True
Is 8883499 a prime number?
False
Is 351677603 a prime number?
False
Is 15567683 composite?
False
Is 992497 a composite number?
True
Is 14737427 a composite number?
True
Is 761653 a composite number?
True
Is 1017223 a composite number?
True
Is 3073927 prime?
False
Is 17440799 a composite number?
False
Is 8897261 a prime number?
True
Is 407704981 a composite number?
False
Is 127576923 a composite number?
True
Is 45719153 composite?
False
Is 951259 prime?
True
Is 12773501 a composite number?
True
Is 270736007 composite?
False
Is 5019719 composite?
False
Is 11597395 composite?
True
Is 286831 composite?
False
Is 896513635 a composite number?
True
Is 2039441 a prime number?
False
Is 35579639 prime?
True
Is 2334817 composite?
True
Is 34523653 composite?
False
Is 45084266 prime?
False
Is 314146433 composite?
True
Is 15654601 composite?
True
Is 7257229 prime?
False
Is 48857381 prime?
True
Is 220494949 prime?
False
Is 3174781 composite?
False
Is 17239939 a composite number?
True
Is 874841 a prime number?
False
Is 10845007 a composite number?
True
Is 1613773 a composite number?
True
Is 56407517 a composite number?
False
Is 75378029 a prime number?
True
Is 16795297 a composite number?
True
Is 5931201 a composite number?
True
Is 35710879 composite?
True
Is 1706515 a composite number?
True
Is 4111502 a composite number?
True
Is 7690433 a prime number?
True
Is 27245213 composite?
False
Is 3182021 a prime number?
True
Is 572873 composite?
True
Is 15504817 composite?
True
Is 36959 prime?
False
Is 549817 prime?
True
Is 154637779 a composite number?
False
Is 35215499 composite?
True
Is 161910517 a composite number?
True
Is 2462203 a prime number?
False
Is 66276637 composite?
True
Is 345838417 a composite number?
True
Is 116938921 a composite number?
True
Is 8348815 prime?
False
Is 149505117 composite?
True
Is 1324458521 prime?
True
Is 25154851 composite?
True
Is 109774667 prime?
True
Is 65510909 a prime number?
True
Is 17834527 a prime number?
True
Is 141702797 a prime number?
False
Is 2348763 a prime number?
False
Is 56826071 prime?
True
Is 11220161 prime?
False
Is 131278483 composite?
True
Is 13511411 a prime number?
True
Is 419401 prime?
True
Is 61743761 prime?
False
Is 1615139 prime?
True
Is 12094579 composite?
True
Is 13431217 a prime number?
True
Is 2792281 a prime number?
True
Is 14145049 composite?
False
Is 2122629 a composite number?
True
Is 3035387 prime?
True
Is 39120253 a composite number?
False
Is 133889167 a prime number?
True
Is 99914123 a composite number?
False
Is 786077 a prime number?
True
Is 73964909 a composite number?
True
Is 808589 composite?
False
Is 48657979 composite?
True
Is 48888647 composite?
False
Is 55456619 a prime number?
True
Is 741431 a composite number?
False
Is 2220799 a composite number?
True
Is 14283571 prime?
True
Is 115809493 a prime number?
True
Is 90002363 composite?
True
Is 8398389 a prime number?
False
Is 421457 composite?
True
Is 65904131 prime?
False
Is 4065791 a composite number?
True
Is 2035849 composite?
True
Is 53026 a prime number?
False
Is 8761 a prime number?
True
Is 21432233 composite?
False
Is 2128297 prime?
False
Is 349864462 prime?
False
Is 274413251 composite?
True
Is 12384467 a prime number?
True
Is 8198039 composite?
True
Is 824108113 prime?
True
Is 79456459 composite?
False
Is 17274349 prime?
True
Is 175549 composite?
True
Is 298806869 a prime number?
False
Is 431183981 composite?
True
Is 13966369 a composite number?
False
Is 138683397 prime?
False
Is 732755861 composite?
False
Is 94484387 a prime number?
True
Is 246069643 a composite number?
False
Is 242282543 a prime number?
True
Is 12348359 composite?
False
Is 47192759 composite?
False
Is 131499899 composite?
False
Is 101660737 prime?
True
Is 26210243 composite?
True
Is 15591749 a composite number?
True
Is 19995121 prime?
False
Is 11617703 composite?
False
Is 2340029 composite?
False
Is 4026767 a prime number?
False
Is 15730493 a prime number?
True
Is 136868057 composite?
False
Is 69037427 a prime number?
True
Is 2156617 a prime number?
True
Is 111613991 composite?
True
Is 557402 a prime number?
False
Is 28359821 a prime number?
False
Is 24099593 a prime number?
False
Is 38432893 composite?
True
Is 688964891 prime?
True
Is 193343119 a prime number?
True
Is 25985339 a composite number?
False
Is 230714929 a prime number?
False
Is 2383561 prime?
True
Is 1515037 composite?
True
Is 11748587 a composite number?
False
Is 1059277 a prime number?
False
Is 23095183 composite?
False
Is 384388549 composite?
False
Is 14669581 composite?
True
Is 2679449 prime?
True
Is 56527729 a prime number?
True
Is 12602701 a prime number?
False
Is 397845011 a prime number?
True
Is 3485263 a composite number?
True
Is 100089061 composite?
True
Is 59862889 a composite number?
False
Is 15378331 a prime number?
False
Is 52475597 a prime number?
True
Is 432941 composite?
True
Is 4561721 prime?
False
Is 28980533 prime?
False
Is 6960563 prime?
False
Is 86792587 prime?
False
Is 205099 a prime number?
False
Is 689714 a prime number?
False
Is 5432489 composite?
False
Is 205364363 composite?
False
Is 2106397 a composite number?
True
Is 1226249 prime?
False
Is 438166 a composite number?
True
Is 8411181 composite?
True
Is 1615477 composite?
False
Is 104923673 a prime number?
True
Is 7938839 a prime number?
True
Is 6663477 a prime number?
False
Is 517013 a prime number?
False
Is 159757249 prime?
True
Is 6408631 prime?
True
Is 37354651 a composite number?
False
Is 9261107 prime?
False
Is 3766783 a composite number?
False
Is 359851 prime?
True
Is 835733 a prime number?
True
Is 46434437 composite?
True
Is 34829 a composite number?
True
Is 8747777 a prime number?
True
Is 49508399 prime?
False
Is 4599857 prime?
True
Is 20665357 a composite number?
False
Is 39466703 composite?
False
Is 1104589 prime?
True
Is 22234739 a composite number?
False
Is 983311129 a composite number?
False
Is 34125649 a composite num